Let m = b - 4. Determine o(m).
9
Let s(v) be the first derivative of -2*v + 1/6*v**4 + 0*v**2 - 2/3*v**3 + 9. Let i(q) be the first derivative of s(q). Determine i(3).
6
Let r(s) = -s**3 - 3*s**2 + 3*s - 3. Let a be 95/15 + -10 + (-2)/(-3). Determine r(a).
-12
Let u = 301 + -901/3. Let w(d) be the first derivative of 0*d**2 - u*d**3 + 8 + 1/4*d**4 + d. Give w(-1).
-2
Suppose 11 = 2*u - 5*m, 5*u + 4*m + 24 = 2. Let a(r) = r**3 - 2*r. What is a(u)?
-4
Let p = -90 + 39. Let s = p - -50. Let i(c) = 10*c**3 - c - 1. Calculate i(s).
-10
Let n(k) = k**3 + 4*k**2 + k - 2. Let i be n(-2). Let x be i/(1 - (2 + 0)). Let f(s) = 4*s + 22. Let h(v) = -5*v - 27. Let y(u) = 12*f(u) + 10*h(u). Give y(x).
2
Let i(p) = -2*p**3 + 4*p**2 - p - 4. Let l be 2/4*-2 - 2. Let d(b) = -3*b**3 + 5*b**2 - b - 5. Let t(g) = l*d(g) + 4*i(g). Calculate t(2).
9
Let j(o) = 5*o + 2017*o**3 - 4 + 0*o - 2018*o**3 + 3*o**2. What is j(4)?
0
Let g(d) = -2*d**2 - 13*d - 2. Let r be -3*1 - 32/8. Let q be g(r). Let a be -3*(5 + -4) - q. Let s(x) = -x**2 + 3*x + 4. What is s(a)?
-14
Let n(f) = 3*f. Let m = 47 + -52. Let p(c) = -c**3 - 4*c**2 + 7*c + 7. Let q be p(m). Give n(q).
-9
Let c(l) be the first derivative of l**3/3 + 3*l**2/2 - 54. Suppose -4 = -2*r + 5*u + 3, 4*r - u = -13. Determine c(r).
4
Let c(k) = -k**2 - 3*k - 1. Let h be c(-2). Let w(q) be the second derivative of 31*q**5/20 - q**4/12 + q**3/6 - q**2/2 - 97*q - 2. What is w(h)?
30
Let m be (-2)/(-4) + (-3)/2. Let j be (m - -3) + -1*1. Let z(s) be the third derivative of -s**5/15 - s**4/12 + s**3/6 + 88*s**2 + 1. Give z(j).
-5
Let n(i) = 52 - 6 - 45 - 3*i**2 - i + 12*i**3. Determine n(-1).
-13
Let t be 6/9 - 16/6. Suppose 5*d + 0*d + 2*s = 18, -2*d = -3*s + 8. Let g(z) = -1. Let l(v) = v - 2. Let w(o) = d*g(o) - l(o). Give w(t).
2
Let y = 7 + -3. Let u(k) = -1 + y + 3*k + 2 - 4*k. Suppose -3*a + 0*a = -12. Determine u(a).
1
Let n(x) be the third derivative of -x**5/60 + x**4/6 + x**3/6 + x**2. Let s be 3/(-6)*-4 - -2. Suppose -15*z + 14*z + s = 0. What is n(z)?
1
Let b = -4 - -7. Let i(r) = -6 - 34*r**2 + b + 35*r**2 + 7*r. Determine i(-6).
-9
Let f(v) = -2*v**2 - 30*v + 31. Let t be f(-16). Let z(c) = -9*c - 1. What is z(t)?
8
Let j(d) be the third derivative of d**5/60 + d**4/8 + d**3/3 - 27*d**2. Let o = 58 - 61. What is j(o)?
2
Let v be 12 - 7 - 5*15/25. Let z(h) = -6*h**2 + h - 1. Calculate z(v).
-23
Let b be -1*(-2 + 1)*1. Let l(f) = f. Suppose 5*p - 1 = 19. Let z(s) = -5*s - 4. Let d(n) = b*z(n) + p*l(n). Determine d(0).
-4
Suppose f + p + 9 = -0*f, 5*p = -4*f - 35. Let a(c) be the third derivative of c**6/120 + 3*c**5/20 - 11*c**4/24 - 5*c**3/2 + 174*c**2 - 2*c. Determine a(f).
-5
Let a(d) = 40*d - 12 + 73*d - 116*d. Give a(-3).
-3
Suppose -5*z = -z - 3*w - 1, 4*z = 5*w - 1. Suppose -4*h - 1 = v - 22, -5*v - 33 = -3*h. Let a(t) = -9*t**2 + t - t**3 + h*t**2 + t**2 - z. Give a(-2).
-3
Let q(j) = 7*j**2 - 5*j + 1. Let k(s) = -16*s**2 + 10*s - 3. Let u(d) = -4*k(d) - 9*q(d). What is u(-5)?
3
Let c(k) = 2*k**2 - 20*k - 147. Let z be c(15). Let y(r) be the first derivative of -8 + 1/3*r**z + 0*r + 13/4*r**4 + 0*r**2. Give y(-1).
-12
Let w(f) be the second derivative of 20*f + 1/20*f**5 - 2 - f**3 - 2*f**2 + 1/6*f**4. What is w(-4)?
-12
Let n(d) be the second derivative of -d**5/20 + 5*d**4/12 + 7*d**3/6 - 13*d**2/2 - 25*d - 4. Calculate n(6).
-7
Let w be (20/25 - 2)*-10. Let h(o) = -2*o**2 + w - 5 - o**3 - 4*o**2 - o**2 - 4*o. Give h(-6).
-5
Let g(w) = -3*w - 18. Let u(l) = l + 7. Let a(r) = 4*g(r) + 11*u(r). Give a(5).
0
Let b(x) = x**2 + x + 4. Suppose -3*g + 6*g = 0. Suppose 0 = -g*q - 5*q + 15. Suppose 4*u = q*u. Determine b(u).
4
Let h be (-3)/4 + (-2)/8. Let u(y) = -y**3 - y**2 + y + 2. Calculate u(h).
1
Let n(a) = -6*a**2 - 8*a + 5. Let t(o) = 2*o**2 + 3*o - 2. Let b(c) = 3*n(c) + 8*t(c). Suppose -11*p + 4*p - 1001 = 0. Let m be 3/7 + p/(-91). What is b(m)?
-9
Let m(s) = s**2 + 5*s + 1. Suppose 0 = -3*g + g + 5*q + 23, -3*g + 5*q + 27 = 0. Suppose 0 = -g*j - b - 16, 4*j - 2*j - 4*b + 8 = 0. Give m(j).
-3
Let o(n) be the second derivative of -n**3/6 + 3*n**2/2 - n. Let g(h) = h**2 + 9*h - 7. Let r be g(-10). Suppose 0 = -0*l + r*l - 12. Determine o(l).
-1
Let h be (-3)/(-8) - 3/((-216)/117). Let s(r) = 5*r**3 + 28*r + 10 - 4*r**3 - 22*r - 9*r**h. Give s(8).
-6
Let f(j) be the second derivative of -j**6/360 + j**5/20 + j**4/24 + 7*j**3/3 - 6*j. Let a(m) be the second derivative of f(m). Calculate a(7).
-6
Let m(f) = -3226*f - 3206*f + 4*f**2 - 5*f**2 - 19 + 6448*f. Give m(16).
-19
Let o(w) = 5*w**2 - w. Let g(v) = v**3 + 5*v**2 + 4*v + 2. Let z be g(-4). Suppose z*k - 4*b - 18 = 0, 5*b + 16 = 4*k - 5. What is o(k)?
6
Suppose -9 + 19 = -2*q. Let w(y) = -y**3 - 3*y**2 + 4*y - 2. Calculate w(q).
28
Suppose -4*w + 8 = -2*p, 44*p - w = 40*p + 5. Let z(d) be the first derivative of 5/3*d**3 + 4 + 3/2*d**p + 4*d + 1/4*d**4. Give z(-4).
8
Let f(i) = 3*i**2 + 2*i - 2. Let m = 302 + -304. What is f(m)?
6
Let t(q) = q + 10. Let z(v) = -1. Let s(n) = t(n) + z(n). Suppose 0 = -150*i + 129*i - 131 + 26. What is s(i)?
4
Let i(u) = -u**2 + 13*u + 18. Let m(f) = -3*f**2 + 25*f + 37. Let t(p) = -5*i(p) + 2*m(p). Give t(-14).
-2
Let w = -1 - -1. Let x(r) = 2 - 11 + r**2 - 3 + 0. Determine x(w).
-12
Let k be 3/(-36) - (-59)/(-12). Let p(b) = -3*b**3 + 8. Let x(g) = -7*g**3 - g**2 + g + 17. Let i(a) = 9*p(a) - 4*x(a). Determine i(k).
-1
Let y(z) = -3*z. Suppose m + 10 = 6*m. Suppose 0 = -m*g + 3*g. Suppose g = -3*r - 6 + 3. Calculate y(r).
3
Let q(p) be the first derivative of -3/2*p**2 - p**3 + 4 + p + 1/4*p**4. What is q(4)?
5
Suppose -d = -2*d - 5. Suppose 5 = 3*r - 4. Let l(j) = -2*j + 0*j - j + 0*j - 6 - j**r - 5*j**2. Give l(d).
9
Let d be (10/3)/(12/18). Suppose 7*z = 6*z + d. Suppose 0*c = z*c - 15. Let l(m) = m - 4. Give l(c).
-1
Let m = 309 - 301. Let q(t) be the second derivative of t**3/6 - 5*t**2 + 12*t. What is q(m)?
-2
Let o(x) = 2*x**3 - 8*x**2 + 8*x - 6. Let b be o(2). Let g(k) = -k**3 - 7*k**2 - 7*k + 8. Give g(b).
14
Suppose -2*a + 7*a = 5*q + 5, -q = 3*a - 11. Let o(u) = 5 - a*u + 3*u - u. Let f be 3/((-9)/4)*-3. Determine o(f).
1
Let j(l) be the third derivative of -l**6/120 + l**5/60 + l**4/24 + 23*l**3/6 - 19*l**2 - l. Determine j(0).
23
Let u(b) = 5 - 3*b + 0*b - 2 + 4*b. Let j be u(-7). Let i(h) = h + 6 - 8 + 5. Calculate i(j).
-1
Let w(n) = 13*n**2 - n + 3. Let j(r) = -3*r**2 + r - 1. Let p(v) = 9*j(v) + 2*w(v). Calculate p(4).
9
Suppose 3*x = x. Let f(y) = 3 - 427*y**2 - 7 + 426*y**2 + y. Determine f(x).
-4
Let o(a) = -1 + 4*a**2 - 5*a**2 + 6 + a. Let d(y) = y**2 - 15*y + 13. Let v be d(12). Let h = v + 28. What is o(h)?
-15
Let b(p) = p + 1. Let r(d) = -d**2 - 7*d + 1. Let s(a) = 3*b(a) + r(a). Suppose 0 = 75*w + 23*w - 294. Calculate s(w).
-17
Suppose -12*l + 154 - 130 = 0. Let z(w) = w**3 - 5*w + 1. Determine z(l).
-1
Let v(i) = 1039*i + 13 - 1037*i - 4 - 5. Determine v(-2).
0
Let o be ((-40)/(-4))/5 - -30. Suppose -3*g - w - o = -7, -4*w - 44 = 4*g. Let d(c) = -c**3 - 8*c**2 - 6*c + 8. Calculate d(g).
1
Let x = 25 + -14. Let z(s) = -s**2 + 10*s + 13. Let d be z(x). Let p(n) = n + d*n**2 + n**2 - n**2 - n**2 + 3. What is p(0)?
3
Let y(o) = -o - 9. Let q = 15 - 28. What is y(q)?
4
Let y(x) = -x**3 - x**2 + 1. Suppose 17 = 20*z - 3. Determine y(z).
-1
Let l(o) = -o**3 - 2*o**2 + o. Let b be (5 - 7)/(-1 - 2/(-6)). Suppose w - b*s = -0*w, -5*s = 4*w + 17. Determine l(w).
6
Let v(o) = -2*o**2 + o**2 - 1030*o - 8 + 1020*o. Calculate v(-10).
-8
Let n(z) = 18*z + 2. Suppose 4*a - 11 = -3*s, -3*a - 1 = -s - 6. Calculate n(s).
20
Let n = 1114 - 1127. Let d(b) = b**2 + 12*b - 11. Determine d(n).
2
Let s = -12 + 20. Let m(t) = -4*t**2 + 54*t - 29*t - 31*t + 5*t**2 - s. What is m(6)?
-8
Let z(x) = x + 4. Let s(p) = p - 1. Let n(y) = 6*s(y) + 3*z(y). Let r(i) = 19*i + 13. Let t(d) = 9*n(d) - 4*r(d). What is t(3)?
17
Suppose -5*c + c + 12 = 0. Let n(z) = 0 - z - 2 + c. Let f = -495 + 493. Give n(f).
3
Suppose 5*t = c + 16, -3*t + 10 = 2*t. Let d(y) = 44*y**3 - 45*y**3 - 7*y + 14*y - 5*y**2. Give d(c).
-6
Let q(t) = t + 6. Suppose -3*v + j = 2, 0*v - 3*v + 6 = 3*j. Let k be q(v). Let g(o) = o**3 - o**3 + 6*o**2 - o**3 - 2*o + 5 + 0*o**3. Calculate g(k).
-7
Let t(k) = k**2 - k - 1. Let c(u) be the first derivative of 